+ 14 - (0 - -4).
2
What is 1 - (1 + -1 + -1)?
2
Calculate (-3 - 0) + 0 + -1.
-4
What is the value of 0 + (-5 - 2) + 5?
-2
(-6 + -1 + 3 - -8) + -10
-6
What is the value of 2 - 3 - (2 + -3) - 4?
-4
Evaluate 4 + (1 - -2) + -6.
1
-8 + 1 + 13 + 1 + -2
5
Calculate 2 + 1 + -4 - 1.
-2
What is -6 - (2 - (-3 - 2) - 15)?
2
What is -1 - 11 - (11 - 17)?
-6
(5 - 5) + 2 + -6
-4
Evaluate -4 + 2 + (2 - -2).
2
0 - 1 - (-26 - -26)
-1
Calculate 4 + (-3 - (-1 + 4 - 0)).
-2
What is the value of -3 + 4 + -2 + 0?
-1
What is the value of (-8 - 0) + (-28 + 3 - -41)?
8
What is 0 - 3 - (17 + 0 + -23)?
3
-5 - (-7 + 2 - -4)
-4
What is -9 + 3 + (-4 - -6)?
-4
Calculate -6 + -2 + 13 + -1.
4
What is 2 + -4 + -9 - -2?
-9
What is -2 - (0 + -2) - (-24 - -25)?
-1
Calculate 9 + (-1 - 14 - -8).
2
What is 10 + -10 - (2 + 1 + 1)?
-4
Calculate -3 + (3 - -2) + -1 + 2.
3
What is -6 - (-14 + (9 - 4))?
3
What is the value of 1 + 2 + (9 - 14)?
-2
-2 + -5 + 1 + 1
-5
What is the value of (-6 - -1) + (6 - -1)?
2
Calculate (-1 - -6 - 0) + -74 + 69.
0
19 - 27 - (0 + -6)
-2
What is (-2 - (4 + 0)) + (11 - 0)?
5
What is the value of 0 - 1 - (18 - 15) - -5?
1
Evaluate 1 - (10 + -2) - 3.
-10
Evaluate 1 + 3 - (-40 + 34).
10
What is the value of 2 + -7 - (-6 - -1)?
0
What is (1 - 10) + 40 + -35?
-4
-4 - ((-8 - -4) + -2 + -1)
3
What is -1 - (-3 - (-1 - -4)) - 4?
1
Calculate (8 - (4 + (-1 - -1))) + -5.
-1
What is 4 + (1 - 2) + -3?
0
Evaluate (75 - 74) + 1 + 2 - -2.
6
Calculate (-5 - (-14 - -8)) + -4 + -1.
-4
(6 + -1 - 13) + 1
-7
What is -6 - (-3 + 4) - -6?
-1
What is (4 - 6) + 5 - (7 - 2)?
-2
-3 + (1 - -10) - 4
4
What is -3 - (1 - -2 - (1 - -8))?
3
What is -5 - (0 - (13 + -2))?
6
What is 4 + -4 - (1 - 4)?
3
What is the value of -4 + -3 + 12 + -3 - 1?
1
Calculate (-3 - -5) + (3 - 1).
4
What is 1 + (2 - 2) + (-20 - -20)?
1
-20 + 23 - (10 - (0 + 2))
-5
What is the value of 7 + (-6 - (-3 + -3))?
7
Evaluate -2 + -5 + 6 + -7 + 5.
-3
Calculate 8 - (-2 - (5 + -9)).
6
Calculate 8 - (2 + -1) - 9.
-2
Calculate (-19 - -27) + -2 + 6 + -16.
-4
Evaluate -2 + 6 + 0 + 3 - 14.
-7
Evaluate (-6 - -3) + (2 - 2) + 3.
0
Calculate (-1 - (0 - 3)) + (-6 - -8).
4
3 + (-6 - (9 - 3))
-9
Calculate -11 + 9 - -11 - 6.
3
Evaluate 2 + (3 - (6 - 4)) - -1.
4
What is -5 + (9 + 2 - 5)?
1
What is 2 + (-5 - -3) - (0 + -3)?
3
Calculate -4 + (8 - -2) + -6 - -5.
5
Calculate 3 + 4 + -15 - -15.
7
What is the value of -8 - -2 - (-12 + -1) - 7?
0
Evaluate -4 + 0 - 5 - -3.
-6
Evaluate -7 - -9 - 2 - 1.
-1
What is -8 + (-8 - -8) + 5?
-3
-6 - (-6 + 4 - 1)
-3
Evaluate 3 - (-2 + -1) - 7 - -2.
1
What is the value of 4 - 17 - -10 - (1 - 4)?
0
3 - 14 - -6 - (-5 - 0)
0
118 + -115 + (-1 - -2 - 9)
-5
What is the value of (0 - 16) + 4 - -20?
8
What is -2 - (-4 + -3 + 8)?
-3
Calculate 4 - (1 + -2 + -4 - -11).
-2
4 - (4 + 0 - (20 - 21))
-1
-102 + 95 - (-3 + -1)
-3
What is the value of 4 - (-4 + 4 + -4 + 6)?
2
Evaluate -7 + 2 + -1 + 5 + 4.
3
What is -2 - 1 - -3 - -1?
1
What is the value of 67 + -60 - (16 + -1)?
-8
What is 5 + (2 + -5 - -5 - 6)?
1
Calculate (-4 - 0) + -23 + 27 - 0.
0
What is the value of 4 - ((1 - 3) + (6 - 2))?
2
Calculate 11 + (0 - 5) + -5.
1
(-55 - -69 - (8 - 1)) + -1
6
Calculate (0 - (0 + -6)) + (-24 - -20).
2
Calculate -2 + 10 - (-76 - -86).
-2
Evaluate (-9 - -18) + -2 + 0 + -2.
5
Evaluate -3 + -1 + -2 + 1.
-5
Calculate (-3 - (1 - 8)) + -7.
-3
Calculate (7 - (15 - 7)) + -4 + 6.
1
Calculate 1 + (4 - (-3 + 3)).
5
What is 9 + 2 + (-5 - 3) + 1?
4
What is -9 + (12 - -5 - 8)?
0
What is the value of 2 + (-6 - -14) + -8?
2
Calculate 3 - (-4 - (1 + (0 - 4))).
4
Evaluate 5 + (-6 - 1 - -4) + 1.
3
What is the value of (1 - (3 + 1 + -1)) + 3?
1
(2 - 3 - -1 - 0) + 2
2
What is the value of 0 + (2 - 10 - (-10 + 6))?
-4
What is 1 + (7 - 15 - -6)?
-1
What is the value of -5 + 3 + (4 - 12)?
-10
What is the value of 1 - (-21 + 22 + (0 - 4))?
4
Calculate -13 - (-36 - -13) - 6.
4
2 - 3 - (3 + (-4 - -2))
-2
What is -5 + (7 + -9 - (-2 + -10))?
5
Evaluate 4 + 1 - (-21 + 23).
3
Evaluate 13 - (5 - (12 - 21)).
-1
What is -1 + -2 + -1 + 4?
0
What is the value of 9 + (5 - -1) + -9?
6
Evaluate -8 + -5 + 7 + 9.
3
-14 + (3 - -31 - 13)
7
What is 6 - ((-2 - -22) + -7)?
-7
(-96 - -106) + 0 + -11
-1
What is -5 - (4 - (-1 + 9))?
-1
Calculate 7 + -4 + 5 + -7.
1
(0 - -10) + (116 - 121)
5
What is 2 + -1 + -4 + 6?
3
What is 5 + -4 + 2 + -8?
-5
What is 7 - ((0 - -4) + 0) - 4?
-1
What is 9 - 4 - 6 - (1 - 2)?
0
Evaluate 3 + 2 + -9 - -9.
5
What is the value of -3 + 6 + (-7 - (-12 + 7))?
1
Calculate -3 - -2 - (-4 - -1) - 2.
0
Calculate (0 + -2 - 1) + 2 + -4.
-5
Calculate 1 - (0 + 2 + 5 + -5).
-1
-3 - (-2 + (0 - 6) + 0)
5
What is the value of 2 + -14 + 8 + 0 + 2?
-2
Evaluate (1 - (1 - -2)) + -1.
-3
What is the value of 6 - 7 - (-11 - -10)?
0
Evaluate 2 - (6 + 4 + 1 - 5).
-4
What is the value of -5 + (10 - 2) + -18 + 11?
-4
13 + -7 + -16 + 8
-2
What is -5 - (-3 - (-3 + 0))?
-5
What is the value of -3 + -3 - (-3 + -5)?
2
Evaluate (2 - (-1 + 3) - -3) + 0.
3
What is the value of 3 + (3 + 6 - 9) - -2?
5
What is the value of -1 + 0 + 2 + -2?
-1
Evaluate -1 - ((-2 - -6) + -5).
0
Evaluate -6 + -2 + 1 + 4.
-3
What is the value of 0 + (9 - (4 + 4))?
1
Calculate 3 + -3 + -1 + (-20 - -16).
-5
(-1 - -3 - (8 - 3)) + 4
1
What is 4 + (-5 - (1 + -4))?
2
What is -14 + (-2 + -5 + 13 - 0)?
-8
What is the value of (-1 - 1) + (10 - (-1 + 4))?
5
Evaluate 6 - (22 + -8) - -2.
-6
What is -4 + 1 + 6 - (-2 - -10)?
-5
Evaluate 9 + 1 - (3 + 3).
4
What is -7 - (10 - (22 + -11))?
-6
What is (0 - 1) + (1 - (19 + -11))?
-8
What is the value of -3 - 0 - (3 - (-2 - -12))?
4
-19 + 11 + -1 - -10
1
6 - -10 - 2 - 22
-8
(0 - -11) + -63 + 57
5
0 - ((5 - 5) + -1 + 4)
-3
Calculate 1 + 3 + -9 + 4.
-1
(-6 - (-8 - -7)) + -2
-7
Calculate -4 + (-6 + 9 - 2).
-3
Calculate -2 - 2 - (0 + 2 + -6).
0
What is -3 - (-2 + 4 + -3)?
-2
2 + -10 + 7 + -4
-5
What is 3 - 1 - (3 + 0 - 4)?
3
-8 - -2 - (3 + -6)
-3
What is -4 + 2 + 2 + (0 - 0)?
0
(1 - 9) + (4 - (-3 + 4))
-5
Evaluate 0 + -3 + (-2 - -4) + -3.
-4
What is the value of (-10 - -5) + 8 - 1?
2
What is 4 + -2 - 1 - (9 + -13)?
5
What is the value of 6 + 3 + 1 + -8 + 1?
3
What is 3 - (5 - 0 - (-60 - -60))?
-2
0 - 3 - (-8 + 2)
3
Evaluate (-3 - -1) + 5 + -4 + 5.
4
1 + 4 - (5 + -4 + 4)
0
What is the value of 10 - 2 - ((4 - 6) + 4)?
6
Evaluate (1 - (4 + -6)) + 0.
3
Evaluate 1 + -2 + (-11 - -8).
-4
Calculate 4 - (5 - (3 + 2)).
4
What is (-1 - 0) + (2 - 0) - -3?
4
-7 + 10 - (14 - 5)
-6
What is -3 + 5 + (1 - 11) - -5?
-3
-3 - (6 - 8) - (-3 + 2)
0
What is -1 - (3 + 9 + -16)?
3
What is 6 - (-3 + -1 - (4 + -4))?
10
What is 6 - (12 + -2 - (-7 + 5))?
-6
Evaluate -13 + 3 - -4 - (-1 + -1).
-4
What is -3 - (1 + 3 + -14 + 1)?
6
What is (11 - 6) + -9 + 2 + 0?
-2
-1 - (0 - 5) - 2
2
What is -14 + 18 - (-1 + 7)?
-2
What is -10 + 7 - (-4 - (3 + 3))?
7
Calculate 9 + 0 + (2 - -3) + -8.
6
What is the value of (6 - 1) + 1 + -8?
-2
What is 10 + -3 + 25 + -42?
-10
5 + -1 + -6 + -4
-6
-1 - -2 - (-97 - -101)
-3
-7 + (-2 + 7 - (11 - 18))
5
4 - ((-7 - -13) + 1 + -2)
-1
-2 + 0 + (9 - 2 - 2)
3
5 + (-11 - -6 - -1)
1
What is the value of -28 - -8 - -9 - -17?
6
Calculate 0 - (-5 - 1 - -3 - 3).
6
Evaluate (-1 - 2) + -4 + 4.
-3
Calculate -2 - 1 - -1 - 2.
-4
Evaluate (5 - -1) + 0 + 0 + 0.
6
What is -4 + (-2 + 5 - -3) - 1?
1
Evaluate (4 - (0 - 7)) + -11.
0
Calculate 1 - (5 + -2) - -5.
3
Calculate -1 + 2 + (8 - 7).
2
3 - (1 - (0 + 4 + -1))
5
0 - 0 - (21 - 20)
-1
Evaluate -15 - -12 - -8 - (-1 + -1).
7
Calculate -3 - (-5 - 3 - (-3 - -1)).
3
-1 + 2 + 5 + 1
7
Calculate 8 + 5 + -12 + -1 + -1.
-1
Calculate 3 + 5 - (-12 - -4 - -11).
5
6 + -2 + 0 + -8 - -5
1
What is the value of -8 - (-20 + -7 + 15)?
4
What is (2 - 0 - 3 - 5) + 3?
-3
Calculate 1 + -1 - (7 - 4).
-3
78 - 74 - (1 - 2 - -1)
4
1 + -3 + 2 + (23 - 16)
7
What is 3 - (-4 - -1 - (2 - 5))?
3
What is 7 + (4 - 8) + 0?
3
What is the value of 1 - -6 - 4 - 6?
-3
7 - 1 - (-3 + 4 + 10)
-5
6 + 1 + -5 + -2
0
What is the value of -1 + (3 - (4 + -1))?
-1
Calculate 1 + (20 + -22 - (-1 + 1)).
-1
What is the value of -1 + 9 + (3 - -2 - 9)?
4
11 + 0 + -6 - (5 + 0)
0
What is the value of -3 - (6 - 12) - (6 + -1)?
-2
Calculate (-2 - (-8 - -4)) + 1 + -3.
0
What is the value of 10 - (18 + -5) - -9?
6
What is 1 + (-5 - 0) - (-2 - 4)?
2
What is 7 - (1 + -1 + (-4 - -19))?
-8
What is the value of (-7 - -3) + (0 -